 thousands digit of w?
4
Suppose -3049 = -3*r + s, 0 = -4*r + 4*s + 1234 + 2834. What is the units digit of r?
6
Suppose 3 + 12 = 5*x, -18 = -2*j - 4*x. Let z = 6 + -3. Suppose j*a = 2*w - 51, -24 = w - 2*w + z*a. What is the tens digit of w?
2
Suppose -2*b = -2*i + 4*i - 6956, -3*b = -5*i - 10442. Suppose 0 = -2*y + 10, -3*a - 5731 = 3*y + b. What is the units digit of (a/(-10) + -3)*2/3?
3
Suppose -2*d - 6 = 0, -3*d = -4*h - 0*d + 265. What is the tens digit of h?
6
Suppose -2*g + 2 = -3*s, -2*s - 3*g + 3 = 3*s. Suppose f - 381 = -s*f. What is the tens digit of f?
8
Suppose -5*f = -4*s + 179 + 217, f - s = -79. Let v be (2 - (-36)/(-15))/(4/f). What is the units digit of 1*37*(v - 6)?
4
Let i be ((-18)/(-4))/(19775/(-2198) - -9). Suppose -i*g = -1412*g - 1113. What is the hundreds digit of g?
1
Suppose 12*a - 19*a = -68404. Suppose 11*n + 675 = a. What is the tens digit of n?
2
Let s be (-2*1/(-5))/(12/60). Suppose -a + 92 = -0*a - v, -5*a + s*v = -445. Suppose a = x + 18. What is the tens digit of x?
6
Suppose -925 = 5*g - 5*w, -g + 0*g = 4*w + 205. What is the units digit of 1/3*-2*g/2?
3
Suppose 178*y - 1510391 - 2514555 = 1478102. What is the tens digit of y?
1
Let h(l) = l**3 - 14*l**2 - l - 34. Let w be h(14). Let f = w - -49. What is the tens digit of 24/12 - (-43 - f)?
4
What is the tens digit of (-5 + (-246)/(-30))/((-12)/(-27390))?
0
Let o be (1 - 18/3)*(-985)/5. Suppose 4321 - o = 3*x - 5*m, -2240 = -2*x - 2*m. What is the units digit of x?
7
Suppose -3*g = 3, -g - 25651 = -3*r - 3*g. What is the hundreds digit of r?
5
Let k(q) = -q**3 + 22*q**2 + 4*q + 61. What is the thousands digit of k(-24)?
6
Let k(g) = 6*g - 18. Let y be k(5). Suppose 5*x - 2 = p + 6, -2*p - 4*x = -y. What is the tens digit of 46*(4 + p + -2)?
8
What is the thousands digit of (1 + -3)*(-3 - 1950)?
3
Let n be (-2)/((-16)/4 + 5). What is the tens digit of 4 + n - (-471 - 1)?
7
Let z = -117 - -214. Suppose 0 = -101*p + z*p + 660. What is the hundreds digit of p?
1
Suppose -34*i = -29*i - 2420. Suppose -1928 = -492*d + i*d. What is the tens digit of d?
4
Suppose 5*o - 3 = 2*c, 0 = 2*c + 5*o - 19 - 8. Suppose c*r - 11*r = -2340. What is the tens digit of r?
6
Suppose -93 = 6*h - 9. Let a be h/2 - (-5 + 3 - 0). What is the units digit of 68/a*(-55)/22?
4
Suppose -10656 = -4*w - 4*o, 3*w + 2085 = -2*o + 10082. What is the units digit of w?
9
Let b(m) = -m. Let j be b(-6). Let t(r) = 4*r - 35. Let w(z) = -2*z - 1. Let o(d) = -t(d) - 6*w(d). What is the tens digit of o(j)?
8
Let z(u) = u**2 - 7 + 4*u**2 + 7*u - 4*u**2. Let k be z(-10). Suppose -5*c + 3*p = -91 - k, 86 = 4*c - 5*p. What is the tens digit of c?
2
Suppose -288 + 283 = f, -4*u + 5*f + 55649 = 0. What is the tens digit of u?
0
Let y(o) = -17*o**2 + o - 7. Let u be y(-3). Let k = -266 - u. What is the units digit of (-1*6)/2 - k?
0
What is the tens digit of ((-12)/10)/((-36)/15 + 275367/114760)?
1
Let j = -17 + -17. Let h = j - -35. Suppose -2*v + h - 11 = 0, -5*b + 5*v + 290 = 0. What is the tens digit of b?
5
Let c = -17 + 8. Let n(x) = -2*x**3 + 2*x**2 - 8*x - 8. Let r be n(-1). What is the tens digit of (-691)/c + r/18?
7
Suppose 2*j - 117 = 5. Suppose 5*z + 0*z - j = -2*y, -4*y + 67 = 5*z. Let f(w) = -w**3 + 11*w**2 + 13*w + 4. What is the hundreds digit of f(z)?
1
Let u be -4 + 7 - (-11 + -1). Suppose -4*o + 0*x = -3*x + u, 3*o - 15 = -3*x. Suppose -q + 3*q - 260 = o. What is the hundreds digit of q?
1
Let s = 2118 + -1247. Let n = s - 178. What is the units digit of n?
3
Let i(j) = -5569*j - 33. Let t be i(-7). Suppose -2*h + t = 36*h. What is the thousands digit of h?
1
Let o(y) be the second derivative of -3*y**5/5 + y**4/2 + y**3 - y**2/2 + 118*y. What is the hundreds digit of o(-3)?
3
Suppose 4*r = 14*r - 240. What is the tens digit of -1*r/(-6) - -203?
0
Let m(s) be the first derivative of s**3/3 + 4*s**2 + 8*s - 12. Let l be m(10). Let g = l - 127. What is the tens digit of g?
6
Let g(r) = -r**3 + 4*r**2 - r + 4. Let b be g(4). Let w = 60 + -43. Suppose b = 2*n + w - 121. What is the units digit of n?
2
Let u(a) = 34*a**3 - 63*a**2 - 11*a - 20. What is the tens digit of u(7)?
7
Suppose 16 = 5*z - 4*l, z + l = 4*l + 12. Suppose -w + 80 - 38 = z. Let d = w - -69. What is the tens digit of d?
1
What is the tens digit of 14222 - (7 - 10) - (-7)/(42/(-36))?
1
Let h(z) be the first derivative of -z**4/2 + z**3 - 9*z + 18. Let x be h(-5). Suppose -x = -5*i + 809. What is the hundreds digit of i?
2
Suppose 30*d - 4*y = 31*d - 13, 5*y - 13 = 2*d. Let n(s) = -s**3 + 3*s**2 + 3. Let i be n(3). Suppose 0 = i*x - 248 - d. What is the tens digit of x?
8
Let g(m) = -9*m - 50. Let b be (-2)/(-9) - (-264)/27. Let a be g(b). Let j = a + 404. What is the hundreds digit of j?
2
Let l(x) = -229*x - 41. Let v be l(-1). What is the tens digit of v/658 + 11772/7?
8
Let t be (-40)/2 + -5 + 6. Let m(l) = -13*l - 15. Let i be m(t). Suppose -4*u + i = -3*s, s = 2*s - 4. What is the units digit of u?
1
Let y(k) = 503*k**2 - k + 12. Let c be y(-3). Suppose 0 = d - 4*w - 1222, 4*d - c = -2*w + 364. What is the units digit of d?
6
Suppose -13*r - 13249 = -2*r - 46678. What is the tens digit of r?
3
Suppose -9 = -4*h - 29, -4*y + 9 = 3*h. Let m be 37*(1/2 - -1)*2. Suppose y*d - 1203 = m. What is the units digit of d?
9
Suppose -4*l + 19*a = 21*a - 28494, -21338 = -3*l + 5*a. Suppose -18*i + l = 101. What is the tens digit of i?
9
Let v(b) = b**3 - 5*b**2 - 12*b - 7. Let f be v(7). Suppose 0 = f*w - 1740 - 2593. Suppose 9*o + w = 2275. What is the units digit of o?
4
Let s(p) = 10034*p**2 - 320*p + 630. What is the tens digit of s(2)?
2
Suppose 88*a + 2 = 87*a. What is the units digit of (4 + 1030)/(a - -4)?
7
Let d(f) = -17*f + 23. Let k be d(-3). Suppose 59612 = k*b - 39104. What is the tens digit of b?
3
Suppose -22*j + 19*j = 4*u - 37094, -2*j + 24741 = 5*u. What is the thousands digit of j?
2
Let x(r) = 3*r**2 - 77*r + 3. Let a be x(33). Let w = a - 322. What is the units digit of w?
7
Let h(p) = 91*p + 7 + 21 - 72*p + 3*p**2. Let b be h(-13). Suppose -2*y - 7*y + b = 0. What is the tens digit of y?
3
Let t = -30 + -10. Let n = 47 + t. Suppose -2*k - n = -37. What is the tens digit of k?
1
Suppose 2*i + 19*t = 21*t + 19168, -5*i = -4*t - 47919. What is the thousands digit of i?
9
Let c(d) = -2*d**2 + 38*d + 14. Suppose 4*i + 11*w - 52 = 7*w, -3*i + 5*w + 15 = 0. Suppose -r = -4*q - 13, -r + 5*q + 2 = -i. What is the tens digit of c(r)?
8
Suppose -9*l = -3058 - 1910. Suppose l = 6*b - 432. What is the hundreds digit of b?
1
Suppose 60*y = 177*y - 2541006. What is the units digit of y?
8
Let l = -22 - -322. Suppose 1170 = 4*w - 3*y, w - 4*y = -7*y + l. What is the tens digit of w?
9
Suppose w - 3*y - 52 - 1500 = 0, -3*w + 8*y = -4651. What is the tens digit of w?
3
Suppose -22*f + 109428 = -126*f + 1939204. What is the units digit of f?
4
Let q(f) = 0*f**3 + 20*f - 2*f**3 - 6 - 17*f + 16*f**2 + f**3. Let n be q(8). Suppose -3*m = -0*m - s - 407, -5*s = 4*m - n. What is the hundreds digit of m?
1
Suppose -30*z + 245750 = -348940. What is the ten thousands digit of z?
1
Let r(d) = d**3 - 13*d**2 + 12*d - 2. Let q be r(12). Let h be q/((-3)/((-1197)/(-6))). Let a = -72 + h. What is the tens digit of a?
6
Let d(z) = -14*z**3 + z**2 + z - 4. Let n(k) = -k**2 - 23*k - 25. Let b be n(-22). Let m be d(b). Suppose m = 10*u - 5*u. What is the tens digit of u?
7
Let b = 11917 + -7560. What is the tens digit of b?
5
Let b(r) = 2*r + 2. Let x(c) = -427*c - 35. Let y(m) = -3*b(m) - x(m). What is the units digit of y(2)?
1
Suppose 132 = 10*n + n. What is the units digit of ((-3332)/(-12) + -5)/(8/n)?
9
Let d(v) = -v**2 + 2*v + 9446. What is the thousands digit of d(0)?
9
Suppose 0 = 2307*y - 2318*y + 30624. What is the units digit of y?
4
Let r(m) = m**3 + 11*m**2 + 14*m + 11. Let v be r(-6). Suppose 0 = 2*l - 2*n - n - v, 4*n = -4*l + 184. Let s = l + 64. What is the tens digit of s?
1
Let t be (-2)/(144/30 + -5)*-1. Suppose -4*m - 40 = 2*p, 0 = 4*m - 2*m + 2*p + 16. Let u = t - m. What is the units digit of u?
2
Let l(b) = -8*b**3 - 98*b**2 - 143*b + 208. Let c(r) = -3*r**3 - 33*r**2 - 48*r + 69. Let n(h) = 11*c(h) - 4*l(h). What is the units digit of n(30)?
7
Let i be -2 + 2*1/1. Let r = -4512 + 4838. Suppose i = 17*j - 15*j - r. 